{"id":329,"date":"2018-04-22T21:33:58","date_gmt":"2018-04-22T19:33:58","guid":{"rendered":"http:\/\/localhost\/wordpress\/?page_id=329"},"modified":"2018-04-29T17:06:00","modified_gmt":"2018-04-29T15:06:00","slug":"i-pbs","status":"publish","type":"page","link":"https:\/\/www.mba-group.agh.edu.pl\/?page_id=329","title":{"rendered":"I PBS"},"content":{"rendered":"<hr \/>\n<p><em><strong>Title:<\/strong><\/em> The preparation and utilization of zeolite-based sorbents of petroleum compounds<br \/>\n<em><strong>Duration: <\/strong><\/em>2011-2014<br \/>\n<em><strong>Principal Investigator:<\/strong><\/em> Wojciech Franus<br \/>\n<strong><em>Key Investigators: <\/em><\/strong>Barbara Muir, Tomasz Bajda, Jakub Matusik<br \/>\n<em><strong>Funding agency: <\/strong><\/em>The National Centre for Research and Development (Poland)<br \/>\n<em><strong>Project ID: <\/strong><\/em>I PBS<\/p>\n<hr \/>\n<p><img loading=\"lazy\" decoding=\"async\" class=\"aligncenter wp-image-321 \" src=\"http:\/\/www.mba-group.agh.edu.pl\/wp-content\/uploads\/2018\/04\/Zeo_dev.jpg\" alt=\"\" width=\"349\" height=\"265\" \/><\/p>\n<p>The objective of the project was synthesis of zeolites from coal fly ash followed by its modification to produce a new sorbent \u2013 organo-zeolite. This sorbent is highly selective with respect to petroleum derived substances. There was proposed technologies for cheap manufacturing, broad application and full utilization of spent sorbent. Spent sorbent was utilized as a component of lightweight aggregate used in fabrication of insulating structural concrete. Proposed comprehensive solution is advantageous to existing solutions because it includes utilization of highly available fly ash waste, application of known and relatively cheap method of synthesis of zeolites developed by our team, and modification of the sorbent with the use of cheap surfactants.<br \/>\nAs indicated by the economic analyzes carried out, the new product will be attractive in price compared to the materials currently used for this purpose. This will contribute to increasing competitiveness and expanding the range of products on the market of mineral sorbents. Considering the applicability of synthetic zeolites and the fact that thanks to the patented device their production on an industrial scale is real, implementation activities related to the developed technology are the most possible in a relatively short time.<\/p>\n<p><strong>Most important publications:<\/strong><\/p>\n<ul>\n<li>Szala B., \u00a0Bajda T., \u00a0Matusik J., Zi\u0119ba K., Kijak B.; 2015: BTX sorption on Na-P1 organo-zeolite as a process controlled by the amount of adsorbed HDTMA, \u00a0Microporous and Mesoporous Materials, 202, 115-123.<\/li>\n<li>Szala B., Bajda T., Jele\u0144 A.; 2015:Removal of chromium(VI) from aqueous solutions using zeolites modified with HDTMA and ODTMA surfactants, Clay Minerals, vol. 50, p. 103-115.<\/li>\n<li>Muir B., Matusik J., Bajda T., 2016: New insights into alkylammonium-functionalized clinoptilolite and Na-P1 zeolite: Structural and textural features, Applied Surface Science, 361, p. 242\u2013250.<\/li>\n<li>Szala B., Turek P., Jele\u0144 A., Bajda T., 2013: Synteza i w\u0142a\u015bciwo\u015bci sorpcyjne organo-zeolit\u00f3w,\u00a0 Zeszyty Naukowe Uniwersytetu Zielonog\u00f3rskie, Seria: In\u017cynieria \u015arodowiska, 151, s. 5-12.<\/li>\n<li>Szala B., Turek P., Bajda T., Matusik J., 2013: Odrzywolski Adam, Czerwi\u0144ski Jacek, Franus Wojciech, Manecki Maciej, Sorpcja BTX na organo-zeolicie, Sorbenty mineralne: surowce, energetyka, ochrona \u015brodowiska, nowoczesne technologie, red. nauk. Tadeusz Ratajczak, Grzegorz Rzepa, Tomasz Bajda, Krak\u00f3w: Wydawnictwa AGH, s. 471\u2013482.<\/li>\n<li>Szala B., Turek P., Bajda T. Matusik J., 2013: Optymalizacja procesu syntezy organo-zeolitu, M\u0142odzi dla techniki : wybrane problemy naukowo-badawcze chemii i technologii chemicznej,\u00a0 red. Dariusz Szychowski, Politechnika Warszawska. Wydzia\u0142 Budownictwa, Mechaniki i Petrochemii, s. 109\u2013118.<\/li>\n<li>Szala B., Bajda T., Matusik J.; 2014: Quantitative determination of ammonium salts in organo-zeolites by infrared spectorscopy; Geology, Gephysics &amp; Environmental vol. 40\/1 p. 131-132.<\/li>\n<li>Szala Barbara, Turek Piotr, Bajda Tomasz, Czerwi\u0144ski Jacek, Franus Wojciech, Sorption of selected organic compounds on organo-zeolites; XIV International conference of young geologists, Sv\u00e4t\u00fd Jur, S\u0142owacja, 4-6 kwiecie\u0144 2013. In: Geology, Geophysics &amp; Environment, 2012, 38 (4), s. 539-540.<\/li>\n<li>Szala Barbara, Turek Piotr, Matusik Jakub, Bajda Tomasz, Czerwi\u0144ski Jacek, Manecki Maciej, Franus Wojciech, Zastosowanie organo-zeolit\u00f3w jako sorbent\u00f3w zwi\u0105zk\u00f3w apolarnych; Konferencja Naukowo-Techniczna \u201eInnowacyjne Technologie w In\u017cynierii i Kszta\u0142towaniu \u015arodowiska\u201d, Lublin, 27-29 czerwiec 2013.<\/li>\n<li>Szala Barbara, Turek Piotr, Bajda Tomasz, Modification of synthetic zeolites and characteristics of their properties, Goldschmidt 2013, Florencja, W\u0142ochy, 25-30 sierpie\u0144 2013. Abstract in: Mineralogical Magazine, 2013, 77 (5), s. 2295.<\/li>\n<li>Turek Piotr, Szala Barbara, Bajda Tomasz, Matusik Jakub, BTX sorption on synthetic organo-zeolites and evaluating the merit in using FTIR in BTX determination, Goldschmidt 2013, Florencja, W\u0142ochy, 25-30 sierpie\u0144 2013. Abstract in: Mineralogical Magazine, 2013, 77 (5), s. 2366.<\/li>\n<li>Szala Barbara, Turek Piotr, Bajda Tomasz, Matusik Jakub, Odrzywolski Adam, Czerwi\u0144ski Jacek, Franus Wojciech, Manecki Maciej, Sorpcja BTX na organo-zeolicie, Konferencja Naukowo-Techniczna &#8222;Sorbenty Mineralne&#8221;, Krak\u00f3w, 16-18 wrzesie\u0144 2013.<\/li>\n<li>Szala Barbara, Turek Piotr, Matusik Jakub, Optymalizacja procesu syntezy organo-zeolitu, Konferencja Naukowa Doktorant\u00f3w i M\u0142odych Naukowc\u00f3w, M\u0142odzi dla techniki 2013, P\u0142ock, 6 listopad 2013<\/li>\n<li>Szala Barbara, Bajda Tomasz, Agata Jele\u0144; 2014: Removal of chromium (VI) from aqueous solutio9ns Rusing zeolites modified with HDTMA and ODTMA surfacatants 8 &#8211; 13 June 2014 Belgrade, Serbia, ZEOLITE 2014 9th International Conference on the Occurrence, Properties and Utilization of Natural Zeolites.<\/li>\n<li>Szala Barbara, Bajda Tomasz; 2014: Sorption of benzene, toulene and p-xylene on HDTMA-modyfied synthetic zeolites: a combinned modeling and combi national study. 07-11\u00a0wrze\u015bnia\u00a02014; Lipsk Niemcy, 6th FEZA International Conference.<\/li>\n<li>Szala Barbara, Tomasz Bajda; 2014: Quantitative determination of quaternary ammonium salts in organo-zeolites by FTIR. 07-11\u00a0wrze\u015bnia\u00a02014; Lipsk Niemcy, 6th FEZA International Conference.<\/li>\n<li>Szala Barbara, Bajda Tomasz; 2015: BTX sorption on Na-P1 organo-zeolites as a process controlled by the type of surfactant. International Conference on Applied Mineralogy &amp; Advanced Materials, Castellaneta Marina, W\u0142ochy, 7-12.06.2015.<\/li>\n<\/ul>\n<hr \/>\n<p style=\"text-align: center;\"><a href=\"http:\/\/www.mba-group.agh.edu.pl\/?page_id=37\">Find more publications!<\/a><\/p>\n<hr \/>\n<p>&nbsp;<\/p>\n","protected":false},"excerpt":{"rendered":"<p>Title: The preparation and utilization of zeolite-based sorbents of petroleum compounds Duration: 2011-2014 Principal Investigator: Wojciech Franus Key Investigators: Barbara Muir, Tomasz Bajda, Jakub Matusik Funding agency: The National Centre for Research and Development (Poland) Project ID: I PBS The &hellip; <a href=\"https:\/\/www.mba-group.agh.edu.pl\/?page_id=329\">Czytaj dalej <span class=\"meta-nav\">&rarr;<\/span><\/a><\/p>\n","protected":false},"author":1,"featured_media":0,"parent":0,"menu_order":0,"comment_status":"closed","ping_status":"closed","template":"sidebar-page.php","meta":{"jetpack_post_was_ever_published":false,"footnotes":""},"class_list":["post-329","page","type-page","status-publish","hentry"],"jetpack_sharing_enabled":true,"jetpack_shortlink":"https:\/\/wp.me\/Peuuv7-5j","_links":{"self":[{"href":"https:\/\/www.mba-group.agh.edu.pl\/index.php?rest_route=\/wp\/v2\/pages\/329","targetHints":{"allow":["GET"]}}],"collection":[{"href":"https:\/\/www.mba-group.agh.edu.pl\/index.php?rest_route=\/wp\/v2\/pages"}],"about":[{"href":"https:\/\/www.mba-group.agh.edu.pl\/index.php?rest_route=\/wp\/v2\/types\/page"}],"author":[{"embeddable":true,"href":"https:\/\/www.mba-group.agh.edu.pl\/index.php?rest_route=\/wp\/v2\/users\/1"}],"replies":[{"embeddable":true,"href":"https:\/\/www.mba-group.agh.edu.pl\/index.php?rest_route=%2Fwp%2Fv2%2Fcomments&post=329"}],"version-history":[{"count":3,"href":"https:\/\/www.mba-group.agh.edu.pl\/index.php?rest_route=\/wp\/v2\/pages\/329\/revisions"}],"predecessor-version":[{"id":458,"href":"https:\/\/www.mba-group.agh.edu.pl\/index.php?rest_route=\/wp\/v2\/pages\/329\/revisions\/458"}],"wp:attachment":[{"href":"https:\/\/www.mba-group.agh.edu.pl\/index.php?rest_route=%2Fwp%2Fv2%2Fmedia&parent=329"}],"curies":[{"name":"wp","href":"https:\/\/api.w.org\/{rel}","templated":true}]}}